culate the highest common divisor of 222800 and 160.
80
Calculate the highest common divisor of 5656539 and 93.
93
What is the greatest common factor of 6193 and 286?
11
What is the greatest common divisor of 5757 and 399?
57
Calculate the highest common divisor of 624 and 188656.
208
Calculate the highest common divisor of 5904 and 208.
16
What is the greatest common factor of 30739 and 10420?
521
Calculate the greatest common divisor of 1349 and 76.
19
What is the greatest common divisor of 5974 and 31827?
103
Calculate the highest common factor of 54 and 41994.
18
Calculate the greatest common divisor of 2064 and 25757.
43
What is the greatest common factor of 105 and 70165?
5
What is the highest common divisor of 151380 and 1044?
1044
What is the greatest common divisor of 424 and 875348?
212
Calculate the highest common factor of 1280 and 449040.
80
What is the greatest common divisor of 315227 and 88?
11
What is the highest common factor of 284 and 99329?
71
Calculate the highest common factor of 7 and 3183187.
7
What is the greatest common factor of 425 and 831725?
425
Calculate the greatest common divisor of 15 and 1445.
5
Calculate the greatest common factor of 361118 and 1030.
206
Calculate the greatest common factor of 15130 and 1190.
170
Calculate the highest common factor of 492287 and 41.
41
What is the highest common divisor of 98464 and 15232?
544
Calculate the highest common divisor of 74328 and 456.
456
What is the greatest common divisor of 437 and 779?
19
What is the highest common divisor of 11323 and 637?
13
What is the greatest common factor of 9 and 6824?
1
Calculate the greatest common divisor of 17 and 177259.
17
What is the greatest common divisor of 7173 and 168167?
797
What is the greatest common divisor of 674905 and 385?
385
What is the highest common factor of 885 and 2235?
15
What is the greatest common divisor of 6060 and 45?
15
What is the highest common divisor of 572 and 65362?
22
What is the greatest common divisor of 180 and 9020?
20
What is the highest common divisor of 7715 and 1?
1
What is the greatest common factor of 1242 and 201654?
18
What is the greatest common factor of 266 and 332?
2
What is the greatest common factor of 8 and 772240?
8
What is the highest common divisor of 69479 and 44591?
1037
What is the highest common divisor of 1840 and 6320?
80
What is the greatest common factor of 7056 and 1848?
168
What is the greatest common divisor of 109830 and 154?
14
What is the highest common factor of 94106 and 7596?
422
Calculate the greatest common factor of 275 and 1529.
11
Calculate the highest common factor of 20 and 60980.
20
Calculate the greatest common divisor of 156 and 21255.
39
Calculate the highest common divisor of 1201408 and 2496.
832
What is the greatest common divisor of 418 and 95722?
418
What is the highest common divisor of 15330 and 56?
14
What is the highest common divisor of 99766 and 4?
2
Calculate the greatest common divisor of 974 and 35551.
487
Calculate the greatest common divisor of 10643 and 29.
29
What is the greatest common divisor of 7 and 523?
1
What is the greatest common divisor of 4433 and 39?
13
Calculate the highest common divisor of 612 and 304596.
36
What is the greatest common divisor of 40 and 52340?
20
What is the greatest common divisor of 545 and 695?
5
What is the highest common divisor of 264386 and 3586?
326
What is the highest common divisor of 112 and 1610560?
112
Calculate the highest common divisor of 6322 and 5626.
58
What is the greatest common factor of 1986 and 422356?
662
Calculate the greatest common divisor of 531059 and 413.
59
Calculate the greatest common factor of 1086856 and 824.
824
What is the greatest common divisor of 1222706 and 202?
202
What is the highest common factor of 166020 and 15?
15
What is the highest common factor of 226605 and 30?
15
What is the greatest common factor of 2805 and 99858?
561
Calculate the greatest common factor of 77 and 33055.
11
Calculate the highest common divisor of 598192 and 4796.
436
Calculate the greatest common divisor of 229164 and 2034.
678
What is the highest common divisor of 2200 and 15032600?
2200
What is the greatest common factor of 16468 and 322?
46
Calculate the highest common factor of 2901163 and 453.
151
Calculate the highest common factor of 507240 and 120.
120
What is the greatest common divisor of 3275 and 10873?
131
What is the highest common factor of 115758 and 1744?
218
What is the greatest common divisor of 302472 and 27?
9
Calculate the highest common divisor of 24 and 100752.
24
What is the highest common factor of 21 and 6729?
3
What is the greatest common divisor of 3 and 1823?
1
Calculate the highest common factor of 1686781 and 41.
41
What is the greatest common divisor of 5810 and 42?
14
Calculate the greatest common factor of 666 and 56466.
18
What is the highest common divisor of 50 and 111275?
25
What is the greatest common divisor of 35435 and 1140?
95
What is the greatest common divisor of 1656 and 89?
1
What is the greatest common divisor of 581 and 2471?
7
What is the greatest common divisor of 39 and 16601?
13
What is the highest common divisor of 635283 and 230?
23
Calculate the greatest common factor of 1122 and 367761.
51
Calculate the greatest common divisor of 9 and 3199986.
9
Calculate the greatest common factor of 212100 and 13300.
700
Calculate the greatest common divisor of 7599 and 23691.
447
What is the highest common divisor of 653939 and 51?
17
What is the highest common divisor of 105 and 2632280?
35
Calculate the highest common factor of 164492 and 123.
41
What is the highest common factor of 45 and 10053?
9
Calculate the highest common divisor of 51708 and 372.
372
Calculate the greatest common divisor of 32945 and 880.
55
Calculate the greatest common divisor of 162032 and 104.
104
What is the greatest common divisor of 832 and 960544?
416
What is the greatest common factor of 52 and 42172?
52
Calculate the greatest common divisor of 27488 and 23193.
859
Calculate the highest common divisor of 1450 and 2146.
58
What is the greatest common factor of 1114800 and 360?
120
Calculate the greatest common divisor of 187345 and 445.
445
Calculate the highest common factor of 127508 and 7.
1
Calculate the highest common divisor of 90035 and 55.
55
Calculate the highest common divisor of 27378 and 2574.
234
What is the highest common factor of 59082 and 430?
86
Calculate the greatest common factor of 12 and 518652.
12
What is the greatest common divisor of 376245 and 81?
81
What is the highest common factor of 64 and 1806?
2
What is the greatest common factor of 79 and 80659?
79
What is the greatest common factor of 63735 and 1515?
15
Calculate the highest common factor of 203925 and 6.
3
Calculate the highest common factor of 174 and 30624.
174
What is the greatest common factor of 111327 and 129?
129
What is the greatest common factor of 741 and 1794?
39
What is the highest common factor of 493468 and 129?
43
Calculate the greatest common divisor of 407072 and 8.
8
What is the greatest common factor of 36 and 61080?
12
What is the greatest common divisor of 2046 and 204?
6
Calculate the greatest common factor of 364 and 6187818.
182
Calculate the highest common factor of 96400 and 1600.
400
Calculate the greatest common divisor of 3311 and 5418.
301
Calculate the greatest common divisor of 4387 and 80250.
107
Calculate the greatest common divisor of 1484 and 43460.
212
Calculate the greatest common divisor of 152 and 322012.
76
Calculate the highest common factor of 61734 and 330.
6
What is the highest common factor of 3 and 58638?
3
What is the highest common divisor of 141 and 2407293?
141
What is the highest common factor of 8695 and 15275?
235
What is the highest common divisor of 22 and 272063?
11
What is the greatest common divisor of 29 and 2440147?
29
What is the highest common divisor of 216 and 94824?
216
What is the highest common divisor of 30970 and 722?
38
What is the highest common divisor of 154 and 882?
14
Calculate the highest common factor of 6109404 and 36.
12
Calculate the greatest common divisor of 18017 and 419.
419
What is the highest common divisor of 244 and 188429?
61
What is the greatest common divisor of 719136 an